*2 + 91*y - 14. Let m be h(-49). Calculate the highest common factor of 14 and m.
7
Let c(j) = 2*j**3 - 60*j**2 + 34*j + 45. Let o be c(31). What is the highest common factor of o and 57?
57
Let o(h) = -80 + 53 - 3*h + 47. Let r be o(4). What is the highest common divisor of r and 4?
4
Let g(q) = 5*q**2 + 4. Let t be g(-4). Calculate the highest common factor of t and 18.
6
Suppose 0 = -3*y + 7*y - 192. What is the greatest common factor of 120 and y?
24
Let c(d) = -28*d + 59. Let r be c(2). Calculate the greatest common divisor of r and 6.
3
Suppose 5*m = 2*g - 635, -4*g + 0*g + 2*m = -1246. What is the greatest common factor of 10 and g?
10
Let v = 805 + -502. Calculate the highest common divisor of 3 and v.
3
Let c be (-1168)/(-13) - 2/(-13). Let v = c + -199. Let u = v + 209. Calculate the highest common factor of u and 25.
25
Let j be -4*1/(-6)*144. Suppose 0 = -13*f + 21*f - j. Calculate the greatest common factor of 36 and f.
12
Let s = -144 - 104. Let k be (-3)/9*(s + -7). What is the greatest common divisor of k and 34?
17
Let k(f) = f**3 + 5*f**2 - 4*f + 12. Let s be k(-5). Calculate the greatest common divisor of s and 256.
32
Let a = 41 - 17. Let y be (-3 + 15)*(-5)/4. Let f be (-5)/(y/9) + 3. Calculate the highest common factor of a and f.
6
Suppose 18*s - 19*s = 17. Let l = 25 + s. Calculate the greatest common factor of l and 56.
8
Let y be 4/6 + 96/(-36). Let a be 16/(-4)*y - 0. What is the highest common divisor of 1 and a?
1
Suppose 2*m - 3*a + 10 = -5, 9 = -m + 3*a. Let k be 2/12 - (-1)/m. Let y be 15/5 - (k + -1). What is the greatest common factor of 4 and y?
4
Suppose 23*k - 874 = 1196. Calculate the highest common factor of k and 40.
10
Suppose -14*q + 264 = 30*q. Calculate the greatest common factor of q and 8.
2
Suppose -2*q = 10*q - 528. Suppose q + 85 = 3*l. Calculate the highest common divisor of l and 172.
43
Let m = -972 + 1388. What is the greatest common factor of m and 728?
104
Let x = 2 - -5. Suppose 4*y + 24 = 4*h, -3*y + 4*h = -7*y - 8. Let v = y + 11. Calculate the highest common factor of v and x.
7
Let n be 1/((2/(-10))/(296/20)). Let q = 85 + n. What is the highest common divisor of 88 and q?
11
Suppose -2*w - 97 = l, 49 = -3*w - 2*l - 94. Let b = w - -227. Let i(q) = q**3 + q**2 + q + 22. Let n be i(0). What is the greatest common divisor of n and b?
22
Let w(x) = -x**3 + 7*x**2 - 5*x + 6. Suppose 11 = 4*n - 13. Let u be w(n). What is the greatest common divisor of 6 and u?
6
Suppose -t + 175 = 3*l - 8*l, 0 = -2*l + 5*t - 93. Let i = -15 - l. Calculate the greatest common divisor of 209 and i.
19
Let o = -15 + 19. Suppose 90 + 34 = -o*w + q, -3*q = -w - 42. Let b = -4 - w. What is the greatest common factor of 65 and b?
13
Let b = -69 + 82. Let p(o) = o**3 + 9*o**2 - 6*o - 1. Let q be p(-6). What is the highest common factor of q and b?
13
Let y = -96 - -99. Suppose y*i = -8*n + 9*n - 36, i - 37 = -2*n. What is the highest common divisor of 84 and n?
21
Let l(f) = f**3 + 11*f**2 + 8*f - 10. Let b be l(-10). Let h = 12 - b. Calculate the highest common divisor of h and 14.
2
Suppose 8*a - 3*a = 20. Suppose 315 - 92 = 5*k - 3*y, 0 = -4*k + a*y + 180. What is the greatest common divisor of k and 66?
22
Let i(d) = d**3 + 4*d**2 - d + 4. Let m be i(-4). Let z be -2 + 15 + 0 + -7. What is the highest common divisor of m and z?
2
Suppose 4*v + g = 2*g - 554, -4*g - 564 = 4*v. Let j = v - -299. Suppose j = 3*c - 326. Calculate the highest common divisor of 18 and c.
18
Let z(g) = -2*g. Let a be z(-3). Let n(m) = m**3 + 6*m**2 - 23*m - 126. Let x be n(-6). What is the greatest common divisor of x and a?
6
Let k be (-4 - (-280)/12)/((-4)/(-72)). Calculate the highest common factor of k and 24.
12
Let x(l) be the third derivative of l**5/4 - l**4/6 + l**3/2 - 22*l**2. Let q be x(1). What is the greatest common divisor of 35 and q?
7
Suppose -18*i + 51 = -15*i + 2*f, 0 = 2*i + 2*f - 36. Calculate the highest common divisor of i and 135.
15
Suppose -4*z - 1 = 23. Let p be 9/6*(-100)/z + -2. Calculate the highest common divisor of p and 253.
23
Let l = 193 + -189. Let v = -17 - -33. Calculate the greatest common factor of v and l.
4
Let w(j) = 5*j - 31. Suppose -4*k = -12, -6 = -3*u + k + 15. Let n be w(u). Let h(q) = 35*q + 1. Let f be h(1). Calculate the greatest common factor of n and f.
9
Suppose 0 = -q - 0 + 2. Suppose 0*b = q*b. Suppose 4*k + 3*h - 109 = 83, b = -h. What is the greatest common factor of 24 and k?
24
Suppose 6 + 6 = 4*l. Suppose -44 + 116 = 6*q. What is the highest common factor of q and l?
3
Suppose 3*b - 63 = -2*b + c, 3*c + 33 = 3*b. Let i = b - 32. Let m = i + 30. What is the highest common divisor of m and 1?
1
Let o be (1*(-3)/(-1))/((-9)/(-912)). What is the highest common divisor of o and 19?
19
Let z be (-60)/(-330) - 1998/(-22). Calculate the highest common divisor of z and 52.
13
Let c = 14 + 13. What is the greatest common divisor of c and 3?
3
Suppose t + 18 = -5*d - 0, -5*t - 3*d = 24. Let x(q) = -2*q + 10 + 2*q - 3*q + 7 - 18. Let c be x(t). What is the greatest common factor of c and 1?
1
Suppose -5*k - 20 = -u - 4*u, 3*u = k + 22. Suppose 5*g = -u*g + 280. Calculate the greatest common factor of 60 and g.
20
Suppose -3*u - 4*l = -0*u - 32, -3*u - l + 35 = 0. Let t = 88 - 40. What is the greatest common factor of t and u?
12
Let q be (-5 + 91/21)/(1/(-12)). Let i(k) = -2*k - 6. Let u(r) = -1. Let v(g) = -i(g) + 2*u(g). Let j be v(q). What is the highest common factor of j and 40?
20
Let p(h) = 11*h**2 + 2*h - 3. Let d be p(2). Let o be ((-40)/(-15) - 3)/((-2)/402). Let c = o + -62. Calculate the greatest common factor of d and c.
5
Suppose 32 = -3*w + 5*f, 0 = -0*f - 2*f - 4. Let c be -4 + 7 - ((-82)/(-2) + 1). Let u = w - c. Calculate the highest common divisor of u and 175.
25
Suppose -b = 5*u - 94, 4*b - 7*u - 334 = -6*u. What is the greatest common factor of b and 105?
21
Let v = 3210 + -3108. What is the highest common divisor of v and 1581?
51
Let x be ((-30)/(-8))/(37/148) + -5. What is the greatest common factor of 90 and x?
10
Let x be (1 - 20)*(3 - 4 - 0). Calculate the greatest common divisor of 19 and x.
19
Suppose 2*n - 24 = 12. Let h be (-95)/15 - 6/9. Let d(w) = 2*w + 20. Let k be d(h). Calculate the greatest common divisor of n and k.
6
Let y be 3*(-1)/(-12) - (-3215)/4. What is the highest common factor of 24 and y?
12
Suppose -33 = -2*a - p, -3*a + 17 = -5*p - 52. What is the highest common factor of a and 225?
9
Suppose -23*v + 27*v = 104. Let m = -70 - -83. Calculate the highest common factor of m and v.
13
Suppose -39*q = -41*q + 532. What is the highest common factor of 14 and q?
14
Let n(u) = 18*u + 5. Let w be n(4). Let r = 152 - w. Let z = -4648 - -4678. What is the highest common factor of r and z?
15
Suppose 18*s + 10*s - 1008 = 0. Calculate the highest common divisor of 48 and s.
12
Suppose -267 = -3*c + 186. Let o be c + (-2)/((-1)/1). Suppose -140 - 60 = -14*k + 38. What is the highest common factor of o and k?
17
Let l = -1 + 4. Let x(z) = 5*z**2 + z**3 + 64*z + 68*z - 9 - 141*z. Let w be x(-6). What is the highest common factor of w and l?
3
Suppose -17*u + 170 = -12*u. Suppose 2*y = -155 + 903. Calculate the highest common factor of y and u.
34
Suppose 2*k + 4*i = 5*i + 8, i = 5*k - 14. Suppose 5*r - 24 = -2*y - 0, -y = -k*r - 21. Suppose -y = s - 2*s. Calculate the highest common divisor of 17 and s.
17
Let f be 5/((-90)/21)*12/(-2). What is the highest common divisor of f and 329?
7
Let v(q) = q**3 - 4*q**2 + 5*q + 26. Let u be v(6). Calculate the greatest common divisor of u and 832.
64
Let z(v) = 19*v - 264. Let o be z(15). What is the greatest common divisor of 231 and o?
21
Let c(z) = z**2 - 2*z - 83. Let j be c(-11). What is the greatest common divisor of j and 108?
12
Let g(p) = -2*p**2 + 15*p. Let t be g(7). What is the highest common divisor of 10 and t?
1
Let b(m) = -7*m + 286 + 106*m**2 - 107*m**2 + 6*m. Let c be -1 + (0 - -1*1). Let j be b(c). What is the greatest common factor of 26 and j?
26
Let y = 658 - 418. Calculate the highest common divisor of 15 and y.
15
Let o(n) = 6*n**2 + 5*n + 9. Let d be o(-3). What is the highest common factor of 120 and d?
24
Suppose 20 = s - 24. Suppose 0 = -4*w - w + 680. Let z = 140 - w. Calcul